- -7) + -6)
-14
Evaluate -60 + (-41 - (-65 - 13)).
-23
Evaluate 2 + -15 + (12 - 4) + (17 - -9).
21
What is (-3 - ((-8 - 63) + -6)) + (-53 - -55)?
76
Evaluate 30 - (-11 - (-31 - -57)) - 5.
62
Evaluate -8 - (-70 - (9 + -93)).
-22
Calculate 49 + 28 - (21 + -13 - 14 - -20).
63
What is 17 + (-929 + 957 - (-1 - -31))?
15
Evaluate (-2 - (-4 + -2 - 9)) + -112 + 143.
44
-58 + 112 - (-5 - -49)
10
Calculate 58 - 3 - (1 + (-20 - -6)).
68
What is the value of 1 + -18 + (-45 - 135 - -128)?
-69
What is -35 - 14 - ((15 - -8) + -15)?
-57
What is the value of 36 - 26 - -14 - 130 - -28?
-78
Calculate (-11 - 2) + 23 + (-16 - 3) + -9.
-18
What is the value of 2 + (0 - 6) - (-18 - -5 - -75)?
-66
What is the value of -9 - 1 - (1 - (8 - (-2 + 2) - 5))?
-8
What is the value of 1 - (-1 + 7 - -1) - (-70086 + 70085)?
-5
-5 + 26 + -9 + -27 + 8 + -5 + -90
-102
Calculate (1609 - 1490) + (-66 - -4).
57
(-102 - -72) + 86 - 8
48
Evaluate (5 - (3 + -109)) + 125 + -55 + -54.
127
(6 + 18 - 15 - -57) + 3
69
What is 30 + -40 + 40 + -10 - 39?
-19
What is 19 + 0 + 11 + 9 + -15?
24
Calculate (-516 - -459) + 18 + (-6 - -3).
-42
(-18 - (10 - 24 - 5)) + 32
33
-53 + -8 + 8 + 3 - 0
-50
Evaluate -18 - (-3 - -12) - 13.
-40
1 + 1 + -6 + 4 - ((126 - 45) + 13)
-94
Calculate (-15 - 0) + -9 + (5 - 0 - 5).
-24
Calculate (14 + 1 - (-3 + 9)) + (1 - -25).
35
Evaluate (915 - 1085) + 19 + 1 + -9 + 16.
-143
-17 - (8 + -5 - (-21 + 20 - 0))
-21
What is the value of -1 + -40 + -5 + 6 + -8 + 2 + -5?
-51
What is 21 + 50 + -75 - 9?
-13
Evaluate -43 - (14 + 2 + -5 - 28).
-26
Calculate (-44 + 38 - -13) + 21 + -2.
26
-18 - (-105 + (-81 - -75))
93
Evaluate 35 + -4 + -49 + 2 - (0 + -93).
77
Evaluate (68 - 34) + (0 - 5).
29
What is -60 + 48 - ((-1 - (1 + -90)) + 47 + -46)?
-101
-159 + (70 - (-67 + 56))
-78
-128 + -29 - (-1 - 95)
-61
What is the value of (3 - (4 + (8 - 13) + -2)) + (-58 - -3)?
-49
What is -3 - (-6 + (-1 + 6 - 8) + 5 - 37)?
38
What is the value of (149 - -16 - 105) + 17?
77
Evaluate 32 + -25 + (2 - 13) + (-49 - 2).
-55
What is the value of 987 + -1071 - (-74 - 0)?
-10
Evaluate 8 - -1 - ((3 - 1) + 6 + -3) - 12.
-8
What is 2 - 14 - (59 + -81 - -52)?
-42
What is the value of 732 + -732 - (0 - 2 - -43) - -4?
-37
(-33 + -80 - -47) + (8 - -34)
-24
Evaluate (64 - 60) + 2 + -1 - (21 - 1).
-15
What is (0 + -5 - 3) + (120 - 107) + -1 + 0?
4
Evaluate -68 + (53 - 37) + 65.
13
(-249 - -271) + (-2 - 20)
0
Evaluate 74 - 51 - (-2 - -47).
-22
Calculate 45 - (33 + -45) - (3 - -15).
39
(9 - (-3 + -7 + 11 - -1)) + -1
6
What is (-19 - (-88 + -7) - 25) + (3 - -9)?
63
Calculate 5 + 1 - 15 - -43 - (-8 + -3 + 5).
40
What is the value of 33 - (41 - (22 + (-23 - -22)))?
13
Evaluate 2 + 60 - (-25 - -1 - (-1308 + 1281)).
59
Calculate 2 + -17 + 19 + -6 + -20 - 64.
-86
Evaluate (16 - 14) + 22 - 4 - (-48 + -1).
69
What is 6 + 16 + -19 + 11 - -19?
33
Calculate (-5 + -20 + 6 - -5) + (-44 - -30).
-28
Calculate (0 - (-4 + 1) - (-29 - -33) - -7) + -10.
-4
Calculate 0 + 12 + 21 + -19 + (-33 - 34).
-53
Calculate -12 + -3 + (-48 - -68) + -24 + 1.
-18
Calculate (35 + -29 - -21 - 139) + 31.
-81
(2 - 5) + -21 - (8 + (-4 - -1))
-29
Calculate 41 - (77 + -43) - (0 + 27 + -3 - 1).
-16
What is the value of (88 - 22) + -17 + 0?
49
-25 + (33 - 7) - 35 - 31
-65
Evaluate (-54 - -47 - (-41 + 16)) + -49.
-31
-13 + 6 + (6 - (35 + -6 + -11))
-19
Evaluate (70 - (50 - 26)) + -23.
23
Calculate 21 + (11 - 4) + -1 - (124 + -130) - -7.
40
12 - (28 - 35 - -15 - (52 + 4))
60
1 - 12 - (20 - (26 + (-6 - -20) + -31))
-22
Evaluate -12 - (29 + -26 + 21 - (-24 + 8)).
-52
What is the value of -48 - (31 - (3 - -33))?
-43
Calculate (-42 - -1) + -1 + (-132 - -132).
-42
What is (9 - 13) + -6 + (-92 - -69)?
-33
Calculate (8 + (-22 - -6) - (3 - (2 - -8))) + -14.
-15
What is (0 - ((8 - 11) + 17)) + 71?
57
What is 9 + 85 + (-8 - 38)?
48
What is the value of -96 + (-20 - (-31 - 26 - -23))?
-82
-162 - (-1 - 108) - 91
-144
What is the value of (-35 - 48) + 51 - 25?
-57
Calculate 60 - (16 - ((-8 - -27) + 15) - -16).
62
Evaluate -27 + -2 + -9 + (6 - (-23 + 12)) + 5.
-16
What is -17 - (18 + 1 + -62) - 37?
-11
Evaluate -17 + (-8 - (14 - 12) - -92).
65
What is -15 + 89 + (40 - 84)?
30
What is the value of -37 - (-31 - -22) - (-17 - -1) - -47?
35
(3 - 12) + ((0 - 10) + (813 - 780) - -103)
117
Evaluate (-40 + 46 - -2) + -25.
-17
Calculate 98 + (-6 - (2 - (10 + 4 - 6)) - 13).
85
Evaluate 35 - ((62 - 61) + 20).
14
What is the value of (11 - -1 - (14 - 3) - 6) + (-45 - 0)?
-50
Calculate -12 + (1 - 9) + (35 - -36).
51
What is the value of (-30 + 12 - -29) + (4 - -15) - (6 + -3)?
27
What is the value of (18 - -1) + -6 + 6 + 20?
39
What is 102 + -95 + (1 - (0 - (1 - -4)))?
13
Calculate 83 + -57 + 6 + -2 + (1 - (-1 + -2)).
34
What is the value of 34 - (-7 - (42 - 91))?
-8
What is 138 + -66 + (-95 - -5)?
-18
Evaluate -15 + (-37 + 55 - (4 - 7)).
6
43 + 49 + -76 - 68 - (-1 - -1)
-52
What is the value of -122 - (103 + -203 - -72)?
-94
71 + (57 + -95 - -15)
48
What is -1 + 15 + 3 + (39 - 9) + -111?
-64
-1 - -39 - (-146 - (-212 - -106))
78
Calculate -7604 - -7577 - (2 - 8).
-21
What is the value of -88 + 10 + 73 + -34?
-39
78 - (-14 - (-89 + 37))
40
What is -17 + (-7 - -16 - (-4 - -13))?
-17
What is -33 + -1 + (-109 - -60) + 49?
-34
What is -1284 + 1250 - (-61 + 2)?
25
What is (18 - 38 - (-2 + -17)) + -10 - 15?
-26
-105 + 55 + 53 + 4
7
What is the value of (-22 - -42 - -28 - -34) + 6 + -2?
86
What is the value of 40 + (14 - (-39 + 72 + -4 + 1))?
24
What is -5 - ((-54 - (-109 + 66)) + (-14 - 0))?
20
What is the value of 20 + (-57 - -29) + 1 + -3 + -3 + 80?
67
What is the value of 54 + 97 + -135 + (24 - -3)?
43
23 + (1 + 2 - 11) + 1 + 64
80
What is (27 - -1) + -1 - (14 - (-2 + 17))?
28
Evaluate 21 + (0 - 13) + 13 + (-37 - 63).
-79
Calculate -144 + 22 + 146 + -74 + 0.
-50
What is the value of 1903 + -1929 + -4 + -19 + 5?
-44
-215 + 169 + 3 + 17
-26
Evaluate (-8 - (-4 + -18 + 22)) + -98 - -13.
-93
Calculate -27 - (6 + -17 + 19) - (3 - 2).
-36
What is the value of -559 - -570 - (-1 - -41)?
-29
What is the value of (-2 - 6) + (24 - 24 - -5)?
-3
What is 35 + -41 + 17 + (-41 - (-3 + 0))?
-27
What is the value of 28 + 15 + -51 + 11?
3
Evaluate 31 - 19 - ((1 - -11) + (-36 - -27)).
9
Calculate -13 + (-12 - (-15 + -28)) - -76.
94
What is the value of -9 - ((-20 - -143) + -5)?
-127
Calculate -6 - (-29 + 13) - 14 - -20.
16
Evaluate (-131 - (-13 - 68)) + -23.
-73
What is the value of 27 + -3 + -57 + -62?
-95
-55 + -19 + -44 + 61
-57
(7 - 8) + (-6 - (19 + -11)) - 28
-43
42 - 52 - (25 + -2)
-33
Calculate -168 + 175 + ((3 - -6) + -13 - (3 + 2)).
-2
What is the value of 10 + -51 + 33 + 6 - 37?
-39
Calculate 26 - ((1 - 0) + 0 + -2 + (1374 - 1365)).
18
-36 - -1 - (62 + (35 - 138))
6
Calculate -69 + (51 - (-64 + 51)).
-5
-4 + -6 + 7 - -8 - (47 + -19)
-23
(-55 - -61) + (-3 + 21 - -3)
27
Evaluate -187 - -193 - (0 - -6 - 117) - (-11 - -3).
125
Evaluate -15 - (271 + -293 + (8 - -1)).
-2
Evaluate (-686 - -678) + ((2 - 0) + -2 - 53).
-61
What is (-1 - 1) + 10 + (76 - (-254 - -428))?
-90
What is -6 + 17 + 1 + (17 + -15 - 4) + -41?
-31
Calculate -110 + 171 + -97 - (-2 + -136).
102
Calculate (-46 - (-47 - -24) - -27) + 73.
77
What is the value of 27 + -27 + -6 + (0 - 0 - 20)?
-26
Evaluate (197 - (49 - -4)) + -36.
108
(0 - -5) + -10 + (-5 - 3 - -14)
1
Calculate -22 - (26 + (2 + 18 - 48) - (-4 + 1)).
-23
-89 - 28 - (-58 - 8)
-51
What is 111 + -98 + 106 + -73?
46
What is (0 - -2 - 4) + (15 + 5 - (-34 + 18))?
34
Calculate 28 + (-13 - -16) - 17.
14
What is 2 + -3 + -2 + -3 + 269 + -267?
-4
Calculate 6 + -32 + (40 - 21) - -29.
22
What is 3 + (-86 - -2) + 0 + -47 + -546 + 586?
-88
Calculate 91 - (-6 - (-43 - -12)) - 14.
52
What is -25 - (80 + 21 + -114)?
-12
What is the value of 0 - 23 - (53 + -101 + 39)?
-14
Evaluate (0 - -121) + (-31 - -13) + (9 - (1 - 18)).
129
What is the value of 3 + 2 + 9 + 10 + (-4 - 33)?
-13
What is 12 + -4 - (11 - -3) - (1 + -4)?
-3
-39 - (-8 + 2) - (-285 + 294 - (12 + 1))
-29
-17 + (-77 - -70) + -2 + -29
-55
Calculate 36 + 24 + -8 + (-15 - -9).
46
What is -227 + 162 - (-9 + -9)?
-47
Evaluate 0 + 2 - (42 + -5 + (-13 - -5) + 10).
-37
Calculate -243 - (-123 + -68) - (18 - -1).
-71
What is -87 + (-67 - -288) + -45?
89
What is -57 + 91 + -19 + -1 + 6?
20
What is the value of (-3 - (20 + 3)) + 11 - -11?
-4
Evalu